 Let f = 47 + t. Is ((-6)/(-5))/(f - 13368/6690) composite?
True
Let b be ((-2)/3)/((-164)/(-6150)). Is (-89)/(5/b - 416/(-2180)) a prime number?
False
Suppose 4*r - 3*b - 77 + 22 = 0, -3*r + b + 35 = 0. Is (-1651806)/(-90) - 4/r composite?
False
Let r(m) = -97*m - 66. Let y(l) = l + 9. Let u be y(-14). Is r(u) composite?
False
Suppose -33 = 4*t + 5*y, 2*t + 5*y - 1 = 6*y. Is 228 - 2 - (0 - t - -1) prime?
True
Let n be (22/(-110))/((-1)/15). Is (n - 4)*(-2 - -12151)*-1 a composite number?
False
Suppose 87*u = 101*u - 608763 - 823339. Is u prime?
True
Suppose 3*o - 1560 = -y, 3*y - 3*o = 5929 - 1213. Let n be ((-1040)/5)/((-5)/(-6)*21/70). Let f = y + n. Is f a prime number?
False
Suppose 0*c = -4*c - 5*b - 25, 2*b + 10 = c. Suppose -6*t - 5*t + 51315 = c. Suppose -6*d + 14607 - t = 0. Is d a prime number?
True
Suppose 8*l + 3*l = 6*l. Suppose -20 = -2*k - 2*k + 5*b, -b = l. Suppose -u + 2*u = 4*y - 52, k*u = 5*y - 65. Is y a composite number?
False
Suppose 3*k = 5*q + 52678, 5*k - 87735 = -108*q + 104*q. Is k composite?
False
Let l(d) = 2824*d**2 - 42*d - 2. Is l(-2) prime?
False
Let y(s) = 72*s**2 - 7*s + 84. Is y(-29) a composite number?
True
Let w be 6 - 10/((-20)/6). Let k(l) = 174*l + 23. Is k(w) prime?
False
Suppose -2*z = t - 26 - 18, 4*t - z = 140. Suppose 30 = -0*v - 2*v. Let d = t - v. Is d a prime number?
False
Suppose -3*p - 2*z + 521 = -578, -4*z + 746 = 2*p. Let q = p + -266. Is q a prime number?
True
Let j(l) = -3*l - 16. Let x be j(-6). Let w(c) = -34 + c**3 - 4*c**x + 49 + 3*c**2 + 8*c**2. Is w(7) a composite number?
False
Suppose -n + f = -32832, 32811 = -68*n + 69*n - 4*f. Is n a prime number?
True
Suppose 0 = 35*q - 577593 - 4263816 + 1281244. Is q prime?
True
Is ((-12249)/12)/(81/(-4428)) prime?
False
Let p = 33256 - 16527. Is p composite?
False
Suppose 160 = -2*p + 166. Suppose n = p*h + 4278, -h + 4266 = 4*n - 3*n. Is n a composite number?
True
Let i = -13794 - 17060. Is (33/(-6) - -5)*i composite?
False
Let g = 676859 - 472518. Is g composite?
True
Let y(a) = 7*a**2 - 35*a + 2001. Is y(82) a composite number?
False
Suppose 0 = -4*h + 2*k + 266574, -2*h + 5*k + 47953 + 85338 = 0. Is h prime?
True
Suppose 3*x + 2*y = -2531, 3*x - 4*y - 1131 = -3638. Let b(u) = -86*u**2 + 2*u. Let c be b(-2). Let t = c - x. Is t composite?
True
Let z(d) = 12*d**3 - 3*d**2 - d + 1. Let c be z(3). Let n = 440 - c. Is n a composite number?
True
Let g = 387 + -385. Suppose -g*b = 3*y - 7582, -5*y = -2*y. Is b a prime number?
False
Suppose 64*j - 37*j + 1860828 = 39*j. Is j composite?
False
Suppose 30615 = 14*d - 66419. Is d composite?
True
Suppose -274*m = 470*m - 413651352. Is m a composite number?
True
Let n(d) = 9 - 5282*d**2 + 5559*d**2 - 1 + 5 - 5*d. Is n(-3) a composite number?
False
Let t(w) be the third derivative of 1/30*w**5 + 0*w - 1/3*w**3 + 37/60*w**6 + 1/24*w**4 - 6*w**2 + 0. Is t(3) prime?
True
Suppose 4661729 = 17*z + 945988. Is z prime?
False
Let a(p) = 7*p + 17. Let i(u) = -u**2. Let j = 19 - 21. Let q(b) = j*i(b) + a(b). Is q(-12) a composite number?
True
Let j(f) = -82*f - 4. Let l be j(1). Let m = -81 - l. Suppose -4*b - m*c + 4348 = 0, -4*c - 2174 = -3*b + b. Is b prime?
True
Is (-1203667)/(-5) + (1628/165 - 10)*3 a composite number?
False
Let h(j) = -144*j + 5. Let r be h(-4). Let z(u) = -u**2 - 48*u + 48. Let b be z(-36). Let f = b + r. Is f composite?
False
Suppose 5*p - 2790049 = 4*h - 127630, 4*p - 2129886 = -5*h. Is p a prime number?
False
Suppose 18 = y + 20, -5*y = 3*u - 47693. Is u a prime number?
True
Let b = 261251 - 160470. Is b prime?
False
Let i = 218573 - 41200. Is i prime?
False
Let k = -1949 - -66606. Suppose -4*w + v = -k, 0*w + 5*v = 4*w - 64677. Is w composite?
True
Let x = 132896 - 65157. Is x prime?
False
Let v(q) be the second derivative of -13/2*q**2 + 5/12*q**4 + 0 + 3/2*q**3 + 25*q. Is v(-14) a composite number?
True
Let u = -816 - -789. Is ((-25794)/(-14) - -5) + u/63 composite?
False
Suppose 507*l = 206*l + 49084973. Is l prime?
False
Let n(b) = -6*b - 187. Let p be n(-32). Let y(o) = 728*o**2 - 3*o. Is y(p) composite?
True
Let h(w) = 1042*w**3 - 7*w**2 - 2*w + 9. Is h(4) prime?
False
Suppose -93*b = -31023233 + 1988912. Is b a composite number?
False
Suppose 0 = -5*q + 2*v - 6, 3*q = 8*q + 3*v - 9. Let p(i) = q*i + 50*i + 8 + 11*i**2 - 23*i. Is p(6) a composite number?
True
Suppose z - 28 = -6*z. Suppose -10260 + 24554 = z*h + 3*p, -2*p + 10721 = 3*h. Let u = h - 1918. Is u prime?
True
Let w = 11159 + 5862. Is w a composite number?
False
Suppose t - i = 29179, -6*i - 6 = -8*i. Is t composite?
True
Let r = 155 + -65. Let y = 875 - r. Is y a prime number?
False
Suppose 0 = 34*x - 28796 - 190470. Is x a composite number?
False
Suppose -60 = -s - 54. Suppose -4*n = 0, 4*n + 35755 = s*m - m. Is m prime?
True
Let r(f) = 148*f**2 - 236*f - 787. Is r(174) prime?
True
Suppose -2*u - 4*q + 485366 = 0, -742664 = -3*u - 2*q - 14599. Is u composite?
True
Let v = -244102 + 452043. Is v a prime number?
True
Let v = -67 + 70. Let z be 0 + (v + 118 - 1). Suppose 5*s = -w + z, -2*w + 3*s = 2*w - 595. Is w a composite number?
True
Let d = 92 + -81. Suppose -d*n + 3350 + 9707 = 0. Is n a prime number?
True
Is 169557 + (72/12 - 14) a prime number?
False
Let w(k) = 2*k**3 + 8*k**2 + k - 9. Let o be w(-3). Suppose 4*m - p - 28507 = 4*p, o = -2*p. Is m composite?
True
Let d(t) be the second derivative of 97*t**5/20 - 5*t**4/12 - 5*t**3/6 + 5*t**2/2 - t - 5. Is d(4) a prime number?
True
Suppose 187*d - 100313051 = -4431367 + 62003725. Is d prime?
False
Is (-11)/((-176)/(-770008))*-2 prime?
False
Let f = 105 + -105. Suppose -t + 1505 = 3*o - f*o, 0 = 4*t + 2*o - 6040. Is t a prime number?
True
Let v = -125 + 128. Suppose v*l + 3*u - 35551 = -l, -3*l + 26666 = 5*u. Is l a composite number?
False
Is (-6 + -3)/(-3)*-21211*7/(-21) prime?
True
Suppose -3*r = -w + 112099, 19*w + 3*r - 448486 = 15*w. Is w composite?
True
Let g(m) = 21*m**2 - 315*m - 79. Is g(-50) prime?
True
Suppose 7*o - 120 = -22. Is 7/o - 17317/(-2) composite?
True
Suppose -5*a = o - 2751, -7597 = -2*o + 2*a - 2119. Is o a prime number?
True
Is (-175)/(-100) - (2/7 + (-60411404)/112) prime?
True
Let k = 268557 - -136136. Is k a composite number?
False
Suppose 2*y + 2*g - 144574 = 38300, y + 3*g = 91429. Is y prime?
False
Let b(d) = 4213*d**2 + 83*d - 245. Is b(9) a prime number?
False
Let r(g) = -g**2 - 7*g + 9. Let m be r(-8). Is (m + (-25)/15)/((-4)/15018) a prime number?
True
Suppose -6 + 21 = 5*c. Let n be ((-3)/6)/(4/(-11640)*c). Suppose -n = -4*s + 83. Is s prime?
False
Let v(k) = -1240*k - 46. Let h be v(-9). Suppose 0 = y - h - 2760. Suppose -y = -4*p + 2*p. Is p prime?
False
Suppose 4*x = 2*y + 27566, 3*y - 13517 = -5*x + 20946. Let j = x + -1379. Is j prime?
False
Let q = -175 + 190. Is 176407/165 - 2/q a composite number?
False
Let p(i) = -130*i + 847. Is p(-12) a composite number?
True
Let b(g) = -g**3 + 12*g**2 + 17*g + 5. Suppose -2*v - 3*v + 2*w = -52, 5*v + 2*w = 68. Is b(v) a prime number?
False
Suppose 0 = 4*z - 3*z + 35372. Let y be 5 - z/20 - (-6)/(-10). Suppose 575 = p + 3*f, 2*p - 3*f - y = -p. Is p a composite number?
False
Let k = 2345 - 694. Is k a composite number?
True
Let z = -214415 - -343228. Is z a composite number?
False
Let d(u) = -47804*u + 8293. Is d(-11) prime?
True
Let v be -2 - (8 + -8 + -10). Suppose -v*n + 42712 - 11120 = 0. Is n a composite number?
True
Is 116483 - (27 + -13 - 14) a prime number?
True
Let i(k) = -8*k**2 + 0 + 17 + 3*k**2 - k**3 + 6*k. Let o = -665 + 653. Is i(o) a prime number?
True
Suppose 0 = 22*j - 1570102 - 1516960. Is j a composite number?
False
Let q(m) = -7*m - 31. Let h be q(-5). Suppose g + v = -0*v, -h*g + 6 = v. Suppose -3 = 3*l, 0*c + 1220 = 2*c + g*l. Is c composite?
True
Is ((-147901)/3 - -3)/(280/(-210)) a composite number?
False
Suppose 26*g - 22*g + 8 = 0. Let v be (-20499)/(-15) - (0 + g/5). Suppose -6*d = -5*d - v. Is d a composite number?
False
Suppose 0 = o + 123 - 42. Let v be (-96)/(-6)*o/(-6). Let m = -137 + v. Is m a composite number?
False
Let s = 1089 - 545. Let o = -423 + s. Is o composite?
True
Is (1/2)/(1*(-6)/12)*-982231 a prime number?
True
Suppose 5*d - 2*g + 329 = 0, 0*g = -d + 3*g - 71. Let x = d + 70. Suppose -4*q + 3*s = -s - 384, -x*q - 5*s + 430 = 0. Is q 